visor of 9 and g.
9
Suppose -17*j = -487 + 130. What is the highest common factor of 14 and j?
7
Let h = 212 + -104. Let q be ((-32)/(-20))/(4/30). What is the greatest common factor of h and q?
12
Let m = -411 + 443. Calculate the highest common divisor of m and 80.
16
Let s = -1 - -1. Suppose -4*v - 5*o + 63 = s, 3*v - 4*v - 4*o = -13. What is the highest common divisor of v and 17?
17
Let t = -205 + 235. Calculate the highest common divisor of 10 and t.
10
Suppose 0 = b + 2*d - 11, -3*b + 9 + 9 = d. Let r(a) = 2*a**3 - 9*a**2 + a. Let y be r(b). What is the greatest common factor of 50 and y?
10
Suppose 0 = -3*y - 3, 4*y - y + 8 = 5*l. Let t(o) = 2 - 3 + 6*o + 5*o. Let w be t(l). What is the greatest common divisor of 5 and w?
5
Let l = 1419 - 1199. Calculate the greatest common factor of l and 605.
55
Let q(f) = 5*f**2 - f + 2. Suppose -2*u = 4*t, -2*t = -6*t + 3*u + 20. Let a be q(t). What is the highest common factor of a and 220?
20
Let n(q) = -q**2 + 48*q - 3 - 2 - 2*q**3 + q**3 - 40*q. Let w be n(-4). Calculate the highest common factor of 11 and w.
11
Let d(r) = -3 + 0 - 13*r + 2 + 60*r**2 + 14*r. Let b be d(1). Let n = b + -39. What is the highest common divisor of n and 42?
21
Let h(a) = 21*a - 8*a + 13 - 12*a. Suppose -4*p = -23 - 1. Let f be h(p). What is the greatest common divisor of f and 38?
19
Let q(d) = -d**3 - 4*d**2 + 11*d + 47. Let h be q(-4). Calculate the highest common factor of 87 and h.
3
Let w(r) = -21*r + 177. Let p be w(0). Calculate the highest common factor of 295 and p.
59
Let k = 7 - 4. Let i = -17 - 11. Let t be i/(-2)*60/70. Calculate the highest common divisor of k and t.
3
Suppose 2*a + 3*s = -3*a + 217, s = 5*a - 221. What is the highest common factor of a and 4?
4
Suppose 6 = -3*j, -j = -4*z + 3*j - 280. Let n be 4 - (z - (-1 + 0)). What is the greatest common divisor of n and 50?
25
Suppose -21*p + 16*p + 15 = -5*i, 65 = 5*p + 5*i. What is the greatest common divisor of 332 and p?
4
Let v be (-1)/(2/10 - 0). Let h(r) = 32*r**2 + 5*r + 7. Let t be h(v). Let y be 4/28 + t/14. Calculate the highest common divisor of 7 and y.
7
Let d be (0 + -11)*(13 - 1)/(-6). Let n be -2 + (-2 - (-40 + 2 + 1)). Calculate the greatest common factor of n and d.
11
Let l(u) = 31*u + u**2 - 13*u + 10 - 17*u. Let c be l(0). Suppose -4*r + c*r - 132 = 0. Calculate the highest common factor of 242 and r.
22
Suppose 0 = -2*x + 5*g - 5, 9 = -x - 2*g + 2. Let a be (-9)/(-2 + x/(-3)). What is the greatest common factor of 27 and a?
27
Let a = 33 - 30. Suppose -c + a = 0, -4*j = -4*c - 0*c - 116. Calculate the greatest common divisor of j and 160.
32
Suppose -z = 2*z - 315. Let m(o) = o**3 - 10*o**2 + 6*o - 8. Let s be m(9). Let c = 56 + s. Calculate the highest common divisor of c and z.
21
Let x(j) be the first derivative of -5*j**2/2 + 53*j - 38. Let q be x(-23). What is the highest common divisor of 24 and q?
24
Let v be 6 + (3/(-2))/((-39)/(-104)). Suppose 418 = 2*c + n, n - 420 = -v*c - n. What is the highest common divisor of 13 and c?
13
Let r = -12 + 16. Let g = 9 - r. Let v be 4/(-6)*(-5 + 2). What is the highest common factor of v and g?
1
Let c = 187 - 154. Calculate the highest common divisor of c and 77.
11
Let d = -211 + 395. Suppose -29 + d = 5*l. Suppose -k + 31 = -62. What is the greatest common divisor of k and l?
31
Let q(z) = -6*z - 5. Let u be q(-2). Let a = -63 + 98. Let r = 49 - a. Calculate the greatest common divisor of r and u.
7
Suppose 2*f + u = 490, f + 2*u = u + 243. What is the greatest common factor of f and 13?
13
Let b be 4/((-32)/(-188))*4. Let q(i) = -3*i**3 - 71*i**2 - 50*i - 45. Let p be q(-23). What is the greatest common divisor of p and b?
47
Let z(n) be the first derivative of 5*n**2 + 21*n - 8 - 1/3*n**3. Let t be z(10). What is the highest common factor of 189 and t?
21
Let i be 2/(-1) + (-6)/(-2). Suppose 0 = 5*b + 2*m + 250 + 711, 4*b + 773 = -3*m. Let o = -190 - b. What is the highest common factor of o and i?
1
Suppose 2*n = 8 - 2, b = n + 25. Let t(k) = -4*k + 21. Let j be t(4). Let l be (220 - -2) + (j - 3). What is the highest common divisor of l and b?
28
Let w be (13/39)/((-2)/(-6)). Let t = 31 - w. Let c(m) = -3*m + 3. Let q be c(-3). What is the greatest common factor of t and q?
6
Let b(v) = -48*v + 342. Let p be b(7). Calculate the greatest common divisor of p and 51.
3
Let k = -20 + 22. Suppose -k*c + 269 = 3*h, 4*h - 2*c - 3*c = 328. Calculate the greatest common factor of h and 58.
29
Suppose -4*x = 5*k - 1977, -2778 + 821 = -4*x - k. What is the greatest common divisor of x and 8?
8
Let j = 79 + -51. Suppose -9*t = -2*t - 294. What is the greatest common factor of j and t?
14
Let z be 52/(-16) - (-2)/8. Let o(l) = -2*l + 4 + 2*l + 2*l**2 + 3*l. Let v be o(z). Calculate the highest common factor of 104 and v.
13
Let s be (-2)/(-10) - (-522)/15. Suppose 0 = -5*g + 3*v + 26, -4*g + 3*v = -2*v - 13. What is the greatest common divisor of g and s?
7
Let j(n) = n**2 - 17*n - 2. Let z be j(16). Let a be (z/(-4))/(45/6 + -7). What is the greatest common divisor of a and 81?
9
Suppose -60 - 96 = -4*u. Calculate the highest common divisor of 6 and u.
3
Let m(v) = 2*v**2 - 15 + 42*v + 43*v - 76*v. Let p be m(3). Calculate the highest common factor of p and 150.
30
Suppose 0 = 345*q - 337*q - 8792. What is the greatest common factor of q and 7?
7
Suppose -67*q + 43*q + 13440 = 0. Calculate the greatest common factor of 20 and q.
20
Let f = 32121 + -32025. Let l be (-2)/(-3) + 380/6. Calculate the greatest common divisor of l and f.
32
Let f = 98 - 55. Let a = -28 + f. What is the highest common factor of 135 and a?
15
Let g(z) = z**3 + 3*z**2 - 2*z - 14. Let q(x) = 1. Let h(p) = -g(p) - 6*q(p). Let f be h(-3). Let s = -23 - -33. Calculate the highest common factor of f and s.
2
Suppose q = b + 22, 3*b = 3*q - 4*q + 2. Let m be 32/(-96) - 358*(-1)/3. Calculate the highest common factor of q and m.
17
Let k(u) = -2*u**2 - 22*u + 5. Let y be k(-11). Suppose -4*a + 4*s = y*s - 175, 0 = 2*a - 5*s - 115. What is the greatest common factor of a and 18?
9
Let l be 12*(-6 - 664/(-24)). Suppose -4*x = -4*a - 49 + 17, 5*x = -2*a + 75. Calculate the greatest common factor of l and x.
13
Let m be 20 - (-2 - (-1)/1). Let v = -165 + 186. What is the highest common factor of v and m?
21
Let k(f) = f**2 + 9*f - 207. Let a be k(-20). Calculate the greatest common divisor of a and 377.
13
Let n(a) = 4*a + 35. Let u be n(-6). Let q = u + -1. What is the highest common divisor of 5 and q?
5
Suppose -2*w + 77 = -169. Suppose q - 8 = -q. Suppose -c + 0 = -p + 27, w = q*p - c. What is the greatest common divisor of p and 4?
4
Let i(s) = s**2 - 7*s + 10. Let l be i(5). Let q be 32 - (l/2 + 0). Calculate the highest common divisor of 256 and q.
32
Let m = 611 - 591. Calculate the highest common factor of m and 1580.
20
Let w = 850 + -505. Calculate the highest common factor of 60 and w.
15
Suppose -p = -2*b + 27, p - 5 = -4*p. Suppose -3*q - 5*w = -0*w - 40, 0 = -2*q + 4*w + 56. Let o = q - b. What is the highest common divisor of 42 and o?
6
Suppose -2*d + 4*b = 3*d - 2, -b - 4 = -3*d. Let t(q) = 2*q + 4. Let z be t(d). What is the highest common factor of z and 32?
8
Let l be (20/(-7))/((-15)/35)*3. Calculate the highest common factor of 3140 and l.
20
Let h = 4 - -6. Let b(q) = -8 + 7 + h - 11*q. Let v be b(-6). Calculate the highest common factor of v and 25.
25
Let t(m) be the second derivative of -3*m**3 - 2*m**2 - 2*m. Let u be t(-3). Suppose -17*g + 200 = -7*g. Calculate the highest common divisor of u and g.
10
Let l(h) = h**3 - 3*h**2 + h + 4. Let c be l(4). Let b = 13 - 27. Let w = -8 - b. Calculate the highest common divisor of w and c.
6
Let z = 29 - 23. Suppose 25*f + z = 28*f. Suppose f*q - 5*q = -630. What is the greatest common factor of q and 30?
30
Let h = -493 - -1267. Calculate the greatest common factor of h and 36.
18
Let r(k) = k**3 + 5*k**2 - 17*k - 15. Let n be (-3)/(-8) - 118/16. Let x be r(n). Calculate the greatest common factor of 2 and x.
2
Suppose h + 5*v = 99, -h = -7*v + 3*v - 108. What is the greatest common factor of h and 2?
2
Suppose -j - 54 = -3*j. Let i be (-26928)/(-330) - 6/10. What is the greatest common divisor of j and i?
27
Let f = -61 - -103. Suppose 0 = 2*y